Suppose -v + j = k - 6*v, 3*k - 162 = 3*v. List the prime factors of k.
2, 3
List the prime factors of 332*10/5*(2 - 0).
2, 83
List the prime factors of 2272 - (6 + -15) - 3.
2, 17, 67
Let p = 25 - 16. Suppose m - p = 4. List the prime factors of m.
13
Suppose 2*g = 40 + 4. Suppose 0 = -4*r + v + 90, -2*r + g + 30 = -4*v. List the prime factors of r.
2, 11
Let g = -3650 + 5221. What are the prime factors of g?
1571
Suppose 3*c - 862 = -3*v + 2027, -2*c + 5*v = -1947. List the prime factors of c.
2, 3, 7, 23
Suppose -898 = -b - 4*l, -l - l = 3*b - 2674. Suppose b = 11*i - 6*i. List the prime factors of i.
2, 89
Let c(y) = -y**3 - 5*y**2 - 5*y - 1. Let l be c(-4). Suppose -r + 3*b - b = -85, 2*r = 5*b + 169. What are the prime factors of (-2)/(-2)*r/l?
29
Let q(d) = d + 15. Let n be q(-11). Suppose 0 = -3*o - 2*j + 269 - 3, o - n*j - 70 = 0. What are the prime factors of o?
2, 43
Let r(f) = 4*f - 2. Let g be r(2). Let b(w) = w**2 + 14*w - 30. Let n be b(-16). Suppose -t = n*t - g. What are the prime factors of t?
2
Suppose -4*h = -5*h + 5. Suppose -h*z - 2*t = -3*z - 16, 0 = -5*z - t + 44. List the prime factors of z.
3
Suppose -4585 - 16227 = -44*h. What are the prime factors of h?
11, 43
Let x be (-1 - -5)*1*413/28. Let y = x - 57. What are the prime factors of y?
2
Suppose 3*u - 2*x - 3200 = 0, 0*u = -3*u + 3*x + 3198. List the prime factors of u.
2, 3, 89
Suppose 5*q + 3798 = 14*q. List the prime factors of q.
2, 211
Let r(f) = 6 + f**3 + 2 - 2*f + 0*f**2 + 4 - 6*f**2. Let y be r(6). List the prime factors of (-165)/(-3) - (-4 + y).
59
Suppose 0 = -2*w + 8. Suppose w*m + 23 = 127. Suppose 6*s = s - n + m, 3*s - 2*n = 13. What are the prime factors of s?
5
Let h = -4 + 12. Let k(v) = 3*v**2 - 10*v - 1. List the prime factors of k(h).
3, 37
Suppose 3*n = -2*y + 2*n - 3, 0 = 4*y + 5*n - 3. What are the prime factors of 58/18 + y + 4692/27?
2, 3, 29
Let n(f) = -126*f + 55. What are the prime factors of n(-11)?
11, 131
Suppose 3*r - 13 = b, -4*b - 3 + 6 = -r. Let c(p) = p - 4*p - 17*p**2 - 5*p**3 - 2 + 15*p**b. List the prime factors of c(-2).
2, 3
Let b(i) be the third derivative of i**6/120 - i**5/10 - 7*i**4/8 + 11*i**3/6 - 8*i**2. List the prime factors of b(9).
5, 13
Suppose -5*h + 2*h = -2*c + 43, 4*c - 4*h - 80 = 0. Suppose 15*j + 196 = c*j. What are the prime factors of j?
2, 7
Suppose 0 = -k + 2*z - 2, -24 = -3*k - 3*z - 3. Suppose 0 = 2*u - k*u + 70. Suppose b = 2*c + u, -3*c + 38 = 2*b + c. What are the prime factors of b?
3
Suppose 2*l - 4 = -m, -2*l = 3*m - 6 - 6. Suppose 2*g = 4*g - 5*w - 16, 0 = 2*w + 4. What are the prime factors of g + (3 + l - -23)?
29
Suppose -2*l - 31 + 9 = 0. Let x = l + 16. Suppose -126 = -5*j - 2*a + a, -x = -5*a. What are the prime factors of j?
5
Let z = 319 - 74. What are the prime factors of z?
5, 7
Let x be (-1 - -2)*(9 - 5). Suppose -3*l = -x*l + 77. What are the prime factors of l?
7, 11
List the prime factors of ((-5042)/(-10) - (-42)/(-35)) + -4.
499
Let j(d) = 80*d - 20. Let f be j(5). Suppose z + 47 - 130 = -5*v, -4*v + f = 4*z. List the prime factors of z.
2, 7
Let s(c) = c**2 + c + 1. Let t be (0 - 5)*(-6)/(-15). Let n be s(t). Suppose -3*r = 4*i - 64, -i + 64 = n*i + r. What are the prime factors of i?
2
Let r = -40 - -474. What are the prime factors of r?
2, 7, 31
Let d = 1262 - -927. List the prime factors of d.
11, 199
Let i = 112 - 111. Suppose -v = -i - 13. What are the prime factors of v?
2, 7
Let j = -14 - -17. Let n be 26/6 + (-1)/j. Suppose -2*t = -n*t + 60. List the prime factors of t.
2, 3, 5
Let d = 448 - 303. Let r = d + -101. What are the prime factors of r?
2, 11
Suppose 0 = -5*v - 10 + 35. Suppose 2*y - 28 = -3*s + 8*s, -v*s - 9 = -y. What are the prime factors of y?
19
Let a = -4 + 16. Let f be ((-688)/12)/(-4) + (-1)/3. Let u = f - a. List the prime factors of u.
2
Let x(t) = 66*t**2 + 6*t - 4. What are the prime factors of x(1)?
2, 17
Let c be (-1 + 1)*-1 + 6. Let y(f) = f**3 - 7*f**2 + 7*f. Let a be y(c). Suppose 126 = -a*k + 9*k. List the prime factors of k.
2, 3, 7
Let v(r) = r**3 + 5*r**2 - 8*r - 9. Let b be v(-6). Suppose 0 = 4*p + 20, 5*c + b = 4*p - 7. Let m = -3 - c. What are the prime factors of m?
3
Suppose -2*g - q + 726 = 0, -g + 10*q = 11*q - 364. List the prime factors of g.
2, 181
Suppose -19*y + 5*r + 1772 = -15*y, 900 = 2*y + r. List the prime factors of y.
2, 7
Let t = 1224 - 527. List the prime factors of t.
17, 41
Suppose -4*j + 0*j = -4*g - 24, 2*g = -6. Suppose -4*k - 16 = 0, 105 = 3*d - j*k - 123. List the prime factors of d.
2, 3
Let m = 38 - 36. Suppose 2*s = -m*s + 5*c + 542, 5*c = -2*s + 256. List the prime factors of s.
7, 19
Suppose 0 = -3*g + 2*d + 10, 10 = 2*g - 2*d + 6. List the prime factors of 2712/9 - g/18.
7, 43
List the prime factors of 45/9 - -13*(-2)/(-1).
31
Let z = 432 - -564. What are the prime factors of z?
2, 3, 83
Suppose 3*x + 145 = 2*t + 6*x, 0 = 3*t - 2*x - 237. Suppose 2*k = -q - 2*k + t, -2*k = q - 75. List the prime factors of q.
73
Let c = -30 - -17. Let s = -15 - c. List the prime factors of -110*(s + (-12)/(-8)).
5, 11
Suppose -5*b + 2*b = 0, u = b - 64. What are the prime factors of u*((-3 - -2) + -3)?
2
Let v(q) = 8*q**2 - 27*q + 22. List the prime factors of v(11).
3, 7, 11
Let u(s) = 11*s + 28. Let n be u(-14). Let a = -86 - n. List the prime factors of a.
2, 5
Let v = -22 - -25. List the prime factors of 3*(128/12 + v).
41
Let m(b) = 3*b - 2. Let o(y) = 4*y - 3. Let q be (-5)/(-4)*(-8)/(-2). Let z(l) = q*m(l) - 4*o(l). List the prime factors of z(-5).
7
Let c be (-1)/(7/(-8606)) - 9/21. List the prime factors of c/7 + 6/14 + 4.
2, 3, 5
Suppose 11 = 2*u + 5. Suppose -8 - u = -h. Let n = 17 - h. List the prime factors of n.
2, 3
Let s = 6089 + -3384. List the prime factors of s.
5, 541
Suppose 5*b - 4719 = -3*d, -4*b - 63 + 1636 = d. What are the prime factors of d?
11, 13
Let c = -31 + 1849. What are the prime factors of c?
2, 3, 101
Suppose -100*k - 7316 = -4*h - 96*k, -3*h + 5497 = 2*k. List the prime factors of h.
1831
Suppose -1988 = 13*l - 7019. List the prime factors of l.
3, 43
Suppose -14 = -5*b - 24. List the prime factors of (-4 - b)/((-2)/105).
3, 5, 7
What are the prime factors of 371*4/(-168)*-6?
53
Suppose 3*p = -y + 46, -p - 3*y - 17 + 43 = 0. Let j(i) = i**2 - 15*i + 14. Let s be j(p). Suppose s*a + 60 = 3*a. List the prime factors of a.
2, 5
Let l = 51 - 54. Let f be ((-10)/15)/((-2)/75). Let j = f + l. What are the prime factors of j?
2, 11
Let d be (-26)/(-10) - (-2)/5. Suppose 4*z - 518 = 2*j, 0*z - 384 = -3*z + d*j. List the prime factors of z.
131
Let q(g) = -2*g - 2. Let u be q(-1). Suppose -2 = -0*j - j. Suppose -v = k - 13, -j*k - 64 = -4*v - u*k. What are the prime factors of v?
3, 5
Let c = -172 + 373. Suppose -3*f - 3*y + c = 0, 154 = 2*f - 4*y + y. List the prime factors of f.
71
Suppose 2*j = j + 5, 3*k + 2*j = 37. Suppose -u + 4*u = -k. What are the prime factors of -12*(-4 - (2 + u))?
2, 3
Suppose 0 = 2*f - 3*f + 4*k + 12, -f + 39 = 5*k. Let i be (4/10)/(-7 + (-209)/(-30)). Let g = f + i. What are the prime factors of g?
2, 3
Suppose -5*f - 20 = 0, -4*c - 2*f = -0*c - 40. What are the prime factors of c - (-1)/1*2?
2, 7
Let h(y) = 11*y + 145. List the prime factors of h(-7).
2, 17
Let y(x) = x**3 + 6*x**2 - 7*x - 2. Let o be y(-6). Let n(v) = -v**3 - 14*v**2 + 30*v - 31. Let r be n(-16). Let i = r + o. What are the prime factors of i?
41
Suppose 35*i - 11757 = 11518. What are the prime factors of i?
5, 7, 19
Let s be (12/21 - 0)/(4/14). Suppose 4*y - 6 = s. What are the prime factors of y?
2
Let s(g) = 3*g**2 - 3*g - 8. Let m be s(4). Let v = -18 + m. What are the prime factors of v?
2, 5
Suppose 3*w - 219 = 708. List the prime factors of w.
3, 103
What are the prime factors of 16473/25 - (-36)/450?
659
Let u = -5 - -8. Suppose 3*n + u*x = n + 46, -4*n + 2*x + 60 = 0. Suppose n = 4*a + 1. What are the prime factors of a?
2
Suppose -2*k = -2*u + 2*k + 42, 85 = 5*u - 5*k. Let v = -11 + u. Suppose 3*h - 3*r - 177 = -8*r, -v*h + 102 = -2*r. List the prime factors of h.
2, 3
Let i(w) = 3*w**2 + 3*w - 6. Let y(p) = -14*p**2 - 15*p + 30. Let g(n) = 11*i(n) + 2*y(n). Let a be g(-6). What are the prime factors of a/8 - (-2)/(-4)?
19
Suppose -k - 583 = -681. List the prime factors of k.
2, 7